8?
0
Suppose -7*p = -4*z - 10*p - 4663, -3*p + 1162 = -z. Let i = z - -2364. What is the hundreds digit of i?
1
Let d(j) be the second derivative of j**4/12 + 3*j**2 + 11*j. Let w be d(-8). Suppose 16*f - w = 11*f. What is the units digit of f?
4
Suppose 3*p - 14*a = -12*a + 116489, -5*p + 5*a = -194160. What is the tens digit of p?
2
Let o be 5/((5/8)/1). Suppose -o*n + 3422 = -2122. What is the hundreds digit of n?
6
Let j(x) = x**2 + 7*x - 16. Let t be j(-8). Let f = 4 + t. Let r = f + 15. What is the units digit of r?
1
Suppose -43*p + 5*t = -47*p + 143822, -6*t - 179802 = -5*p. What is the tens digit of p?
5
Let r = 69 + -52. Suppose 7*c = r - 3. What is the tens digit of c/(-9) + (-4110)/(-27)?
5
Suppose 106984 = 4*a + 3*a - 18967. What is the ten thousands digit of a?
1
What is the thousands digit of 81*(24 + -32 + (-97)/(-3))?
1
Suppose 5*s = -4*c + 61759, 5*s - 5064 = -5*c + 72146. What is the tens digit of c?
5
Let o(g) = g**3 + 11*g**2 + 11*g + 3. Let v(m) = -3*m**2 + m + 4*m**2 + 4 - 9*m + 3. Let j be v(5). What is the hundreds digit of o(j)?
1
Let n be 207/51 + (-70)/1190. Let h be 14/4 + (-1)/2. Suppose 0 = 5*p - h*m - 431, -5*m - 425 = -n*p - p. What is the units digit of p?
8
Let m(g) be the first derivative of 2*g**3/3 + 4*g**2 + 137*g + 52. What is the hundreds digit of m(-28)?
4
Suppose -22*f - 761 = -11827. What is the units digit of f?
3
Suppose 119664 = 34*f - 10*f. What is the units digit of f?
6
Suppose 3*y + z = 157, -2*y + 4*z + 114 = -0*y. Suppose 0 = o - 4*n + 9 + 23, y = -4*o + n. What is the units digit of (-2 - 876/(-10)) + o/(-30)?
6
Suppose -5*v = -598*x + 597*x - 303941, 0 = -5*x + 45. What is the ten thousands digit of v?
6
What is the thousands digit of (-725620)/1533*8/2*(-3)/4?
1
Let r(n) = 3*n + 15. Let p be r(-5). Suppose -4896 = -p*w - 3*w. What is the units digit of (-2)/(-5) + w/20?
2
Let a(o) = -o**3 - 2*o**2 - 8*o - 4. Let q be a(-3). Suppose -3*h + 0*h - 3 = 0. What is the units digit of q + h/(-2)*2?
0
Let o be (255/(-9))/(((-48)/18)/(-8)). Let f = 398 + o. What is the tens digit of f?
1
Let q(w) = 11*w**3 - w**2 - 21*w - 39. Let a(o) = 13*o**3 - 2*o**2 - 22*o - 39. Let z(u) = 5*a(u) - 6*q(u). What is the units digit of z(-11)?
0
Let z be 0 + (-1 + 3)*12. Suppose 4*w + z = 84. Suppose -54 = 14*o - w*o. What is the units digit of o?
4
Suppose 2*m + 19 + 107 = 0. Let w = m + 71. Suppose 0 = w*q - 7*q - 188. What is the hundreds digit of q?
1
Let g = -71 + 67. Let v be g/18*3 + (-38)/(-3). Let q = -11 + v. What is the units digit of q?
1
Let j(y) = 9*y + 37*y**3 - 27*y**2 + 0 + 24*y**2 - 9. What is the units digit of j(2)?
3
Suppose -9*k - 53*k = 67*k - 982722. What is the units digit of k?
8
What is the ten thousands digit of -3 + -9 + 75535 + 7?
7
Let n = -4 + 9. Suppose 4*c - n*c + 162 = 0. Let g = c + -20. What is the hundreds digit of g?
1
Suppose 172*j - 657910 = -41715 - 42747. What is the thousands digit of j?
3
Let g(s) = s**2 - s - 13. Let o(l) = -l**3 - 5*l**2 + 8. Let u be o(-3). What is the tens digit of g(u)?
9
Let j be 92*2*75/60. Let k = 156 + j. Suppose 0 = 5*y - 34 - k. What is the tens digit of y?
8
Let l = -4507 - -6920. Suppose 2*i + 473 = 3*i + 4*z, 5*i + 4*z = l. What is the tens digit of i?
8
Let q = -458 - -466. Suppose q*v - 3699 = 797. What is the units digit of v?
2
Let z be (982 - -16)*1/(-2). Let d = 548 + z. What is the units digit of d?
9
Let d(i) = i**2 - 3*i - 13. Let h be d(6). Suppose 4*n = -2*k + n - 175, 5*k - h*n + 500 = 0. Let x = k + 317. What is the tens digit of x?
2
Suppose -2*s + 3*a - 5*a + 6 = 0, -2*a = -5*s - 13. What is the units digit of (s - (-1 + 1))/(143/(-9581))?
7
Let v(m) = 1046*m**3 + 5*m**2 - 112*m + 414. What is the thousands digit of v(4)?
6
Suppose 0 = w + 3*w - 60. Suppose -h - 13 = -w. Suppose -h*q - 11 = -61. What is the units digit of q?
5
Let g = 24 - 8. Suppose g = 7*c - 12. What is the units digit of (-6)/c*-82 + (-4 - -5)?
4
Suppose -20102 = 9*a - 11*a - 4*r, -5*a + 4*r = -50199. What is the ten thousands digit of a?
1
Let h = -15490 - -24621. What is the thousands digit of h?
9
Let t(v) = -7*v**2 - 31*v - 97. Let h(p) = 8*p**2 + 32*p + 98. Let k(i) = -5*h(i) - 6*t(i). What is the hundreds digit of k(15)?
9
Suppose -1383*j = -1527*j + 1551168. What is the hundreds digit of j?
7
Suppose -3604 = -p - 5*f, -667*f + 10795 = 3*p - 669*f. What is the units digit of p?
9
Let j be -6 - (18/(-15))/(45/2850). Suppose b - 1689 = a, j*b - 68*b - 5*a - 3375 = 0. What is the tens digit of b?
9
Suppose -3*a + 38 = 4*u, 3*a = -0*u + 4*u + 46. Suppose 1504 = 12*z - 16*z. What is the units digit of 7/(a/z)*-1?
8
Suppose -2*r + 3*r + t = 26708, 0 = -3*r - 2*t + 80124. What is the units digit of r?
8
Suppose -10*w + 6*w = 0. Suppose -3*y + 46 = 5*p, -4*y + 0*p + p + 46 = w. What is the units digit of (-1)/(-3) - (-164)/y?
4
Let q(r) = 30*r + 219. Let t be q(-7). Suppose 6757 = t*f + 583. What is the tens digit of f?
8
Suppose -170 = 17*m - 0. Let d be 104/65 - 4/m. Suppose d*p = p + 187. What is the tens digit of p?
8
Let i(a) be the first derivative of -539*a**2/2 - 83*a - 116. What is the units digit of i(-2)?
5
Suppose 8*k - 18115 = 38909. What is the hundreds digit of k?
1
Suppose -3*u + 4*q = -33463, 9*u - 5*q = 14*u - 55795. What is the thousands digit of u?
1
Suppose 172*i - 196*i + 139800 = 0. What is the tens digit of i?
2
Suppose 26 = 5*k - p, -5*k + 5*p - 2*p + 28 = 0. Suppose -2*v + i = -17, -k*v - 7*i + 62 = -3*i. Suppose 0 = v*s - 378 - 782. What is the hundreds digit of s?
1
Suppose 0 = -6*a + 11*a - 725. Suppose -28*x - 5*v = -27*x - 61, 5*x - 205 = -5*v. Let f = x + a. What is the hundreds digit of f?
1
Let s = 1526 + 2704. What is the units digit of s?
0
Suppose 2*b - 5*b + 20 = u, 22 = 5*b - 4*u. What is the units digit of (20 - 22)/(b/(-4))*369?
2
Let l = -13760 - -30854. What is the ten thousands digit of l?
1
Suppose -2*h = -3*h + 10. Let y(t) be the second derivative of t**5/20 - 2*t**4/3 - 3*t**3 - 5*t**2 + t + 99. What is the tens digit of y(h)?
1
Let d = -67 + 106. Let c = d - -167. What is the units digit of c?
6
Let c = -86 + 18. Let v be 83/9 - (c/18 - -4). Suppose 0 = -g - v + 41. What is the units digit of g?
2
Let j(q) be the second derivative of q**5/10 - q**4/24 - 19*q**3/6 - 9*q**2 - 3*q. Let v(p) be the first derivative of j(p). What is the tens digit of v(7)?
6
Let x(k) = -68*k - 28. Let f = 1012 - 1014. What is the units digit of x(f)?
8
What is the tens digit of (8 - (-56)/(-6))*26346/(-4)?
8
Suppose -3*j + 6 = -3. Suppose -j*q + 5*d = -191, -3*q - 2*d = -6*d - 193. What is the tens digit of q?
6
Let i = -42388 - -78893. What is the hundreds digit of i?
5
Let p(b) be the third derivative of 101*b**4/24 + b**3/3 + 15*b**2. Let l be p(7). Suppose -8*r - 77 = -l. What is the units digit of r?
9
Let k be (1 - 1566)/(-1) + 60/(-60). Let g = k + -1024. What is the hundreds digit of g?
5
Suppose -2*u = 2*c + 16, c - 16 + 42 = -3*u. Let w be (-6 + 10)/((-6)/u). Suppose -w*f + 12 = -5*f. What is the units digit of f?
2
Suppose -2*r - 3 + 1 = 0. Let a be -2 + 34 + -2 + -2. Let c = r + a. What is the tens digit of c?
2
Let j = -28 - -55. Suppose 5*s - 8*s + j = 0. Suppose -8*x = -s*x + 82. What is the tens digit of x?
8
Suppose 57910 = 3*x + a, 3*x - 2*a = 47013 + 10894. What is the thousands digit of x?
9
Suppose 0 = -4674*t + 4680*t - 62490. What is the tens digit of t?
1
Suppose 0 = 2*s - z - 74, 3*s = s - 2*z + 68. Suppose a - s - 105 = 0. Let r = a - -32. What is the tens digit of r?
7
Let j = -52 + 55. Suppose 0 = 2*v - v - j. Suppose -v*g + 5*g = 208. What is the units digit of g?
4
Let m be (6 + -148)/(2 + -3). Let y = m + -103. Suppose b - 234 + y = 0. What is the hundreds digit of b?
1
Suppose 0 = 49*l - 46*l - 3. Suppose -w + l + 4 = 0. Suppose k - 174 = -w*k. What is the tens digit of k?
2
Let w(a) = 2*a - 1. Let s be w(-2). Let i(o) = 11*o - 45. Let z(p) = 9*p - 47. Let d(b) = 4*i(b) - 5*z(b). What is the tens digit of d(s)?
6
Let c be 4/6*(-6)/(-1). Suppose -648 = -5*g + 5*w + 142, -4*g - w = -652. Suppose 0 = -r - 4*u - 30 + g, 3*r + c*u - 404 = 0. What is the hundreds digit of r?
1
Let l(v) be the second derivative of -33/2*v**2 - 27*v + 8/3*v**3 + 1/20*v**5 - 3/4*v**4 + 0. What is the hundreds digit of 